d 61?
61
What is the highest common factor of 60 and 44340?
60
What is the greatest common divisor of 352 and 29898?
22
Calculate the highest common factor of 96280 and 928.
232
Calculate the highest common factor of 888 and 12132.
12
Calculate the highest common divisor of 2281423 and 3891.
1297
Calculate the greatest common divisor of 30496 and 40.
8
What is the highest common divisor of 54 and 12339?
27
What is the greatest common divisor of 2303235 and 810?
405
What is the greatest common factor of 562510 and 260?
130
What is the highest common factor of 44980 and 4940?
260
Calculate the greatest common factor of 264 and 98052.
12
What is the highest common divisor of 1850 and 103900?
50
What is the highest common factor of 126 and 264006?
18
Calculate the greatest common factor of 180 and 27165.
15
Calculate the highest common factor of 234 and 373698.
234
Calculate the highest common divisor of 2295 and 8883.
27
What is the greatest common divisor of 11341 and 176?
11
What is the greatest common factor of 123 and 494583?
123
Calculate the greatest common divisor of 1239 and 7959.
21
Calculate the highest common divisor of 786 and 1518945.
393
Calculate the highest common divisor of 42460 and 198.
22
Calculate the highest common factor of 14 and 13913578.
14
What is the highest common divisor of 348 and 1264197?
87
Calculate the greatest common factor of 621 and 219.
3
What is the greatest common factor of 367 and 898049?
367
What is the highest common factor of 568 and 33938?
142
Calculate the highest common factor of 2048 and 46144.
64
What is the greatest common divisor of 58452 and 3?
3
What is the greatest common factor of 147798 and 1360?
34
What is the highest common factor of 5 and 128?
1
Calculate the highest common factor of 2489263 and 7.
7
Calculate the highest common divisor of 24477 and 82656.
123
Calculate the greatest common factor of 2 and 3947.
1
What is the highest common factor of 162 and 21138?
6
Calculate the greatest common divisor of 5814 and 111537.
153
Calculate the highest common divisor of 3276 and 65718.
18
Calculate the highest common divisor of 12950 and 666.
74
Calculate the highest common factor of 5886 and 213.
3
Calculate the highest common divisor of 927 and 440943.
309
What is the greatest common factor of 77996 and 296?
148
What is the greatest common factor of 9018 and 1728?
54
What is the highest common divisor of 414 and 7596762?
138
What is the greatest common divisor of 1972 and 464696?
116
What is the highest common factor of 1597 and 613?
1
What is the greatest common factor of 4 and 51608?
4
What is the highest common divisor of 20 and 13044?
4
What is the highest common factor of 72 and 13895352?
72
What is the highest common factor of 87 and 81519?
87
Calculate the greatest common divisor of 131281 and 583.
53
Calculate the greatest common factor of 114 and 21071.
19
Calculate the greatest common factor of 27019 and 82.
41
Calculate the greatest common divisor of 46907 and 1379.
7
What is the greatest common divisor of 6 and 370572?
6
What is the highest common divisor of 204358 and 462?
154
What is the greatest common factor of 12512 and 2992?
272
Calculate the greatest common divisor of 86104 and 1145.
229
What is the highest common divisor of 231147 and 945?
189
Calculate the greatest common factor of 616 and 34608.
56
What is the highest common factor of 645099 and 119?
119
What is the greatest common factor of 39650 and 10?
10
Calculate the highest common factor of 8870 and 20.
10
What is the highest common factor of 7840 and 318255?
245
Calculate the greatest common factor of 544 and 73344.
32
What is the highest common factor of 80 and 132580?
20
What is the highest common factor of 848892 and 396?
132
Calculate the highest common factor of 3 and 101811.
3
What is the greatest common factor of 4 and 12398?
2
What is the highest common divisor of 646 and 149150?
38
Calculate the highest common factor of 32 and 1323528.
8
Calculate the highest common factor of 97 and 7052579.
97
Calculate the highest common factor of 3960 and 1012.
44
What is the greatest common factor of 4 and 956004?
4
Calculate the greatest common factor of 506215 and 137.
137
What is the highest common divisor of 71972 and 760?
76
What is the highest common factor of 45475 and 18275?
425
What is the greatest common divisor of 4628 and 676?
52
What is the highest common factor of 221 and 4244526?
221
Calculate the highest common factor of 1050 and 36705.
15
What is the highest common divisor of 123690 and 13566?
798
Calculate the highest common factor of 17228 and 45552.
292
What is the highest common factor of 11954 and 12510?
278
What is the highest common factor of 10712 and 584?
8
Calculate the highest common factor of 107366 and 14.
14
Calculate the greatest common divisor of 7690 and 30.
10
What is the highest common factor of 5514596 and 102?
34
What is the highest common factor of 1368 and 264?
24
What is the greatest common factor of 1428 and 36?
12
Calculate the highest common factor of 8790330 and 30.
30
What is the greatest common factor of 65772 and 27?
27
Calculate the greatest common divisor of 67693 and 139.
139
Calculate the greatest common factor of 380666 and 286.
286
What is the greatest common factor of 14 and 1154370?
14
What is the greatest common divisor of 2303350 and 14?
14
What is the greatest common factor of 908 and 74002?
454
Calculate the highest common divisor of 248740 and 130.
10
What is the greatest common divisor of 315 and 19335?
15
What is the greatest common factor of 2040 and 27030?
510
Calculate the greatest common factor of 59303 and 155.
31
What is the greatest common divisor of 30343 and 59089?
1597
Calculate the greatest common divisor of 504 and 50472.
72
Calculate the greatest common factor of 34 and 116977.
17
Calculate the greatest common divisor of 728 and 1631.
7
What is the greatest common divisor of 8046 and 5662?
298
What is the highest common factor of 351705 and 30?
15
What is the highest common factor of 21 and 19299?
21
Calculate the greatest common divisor of 510 and 9000.
30
What is the highest common divisor of 221175 and 150?
75
Calculate the highest common divisor of 448738 and 178.
178
What is the greatest common factor of 35887 and 17?
17
Calculate the greatest common factor of 64 and 3462.
2
Calculate the greatest common divisor of 1101 and 87.
3
What is the greatest common divisor of 7688 and 9?
1
Calculate the highest common factor of 14 and 1071028.
14
What is the highest common divisor of 19330 and 4?
2
What is the greatest common factor of 18 and 99018?
18
What is the highest common divisor of 12350 and 435214?
494
Calculate the greatest common divisor of 771880 and 12420.
460
Calculate the greatest common divisor of 7728 and 138432.
336
What is the greatest common divisor of 88495 and 44?
11
Calculate the highest common factor of 2253755 and 14.
7
What is the highest common divisor of 370 and 4958?
74
What is the greatest common factor of 688 and 63167?
43
Calculate the highest common divisor of 1061658 and 676.
338
What is the highest common factor of 10509 and 69495?
339
What is the highest common divisor of 1103214 and 28?
14
Calculate the greatest common divisor of 6764 and 28.
4
Calculate the highest common divisor of 300789 and 1026.
171
What is the highest common divisor of 34901 and 17?
17
Calculate the highest common factor of 132 and 95124.
12
What is the highest common divisor of 320958 and 22?
22
Calculate the highest common divisor of 458607 and 531.
177
What is the greatest common factor of 24069 and 11289?
213
What is the highest common divisor of 1382916 and 102?
102
What is the greatest common factor of 33 and 499587?
33
What is the greatest common divisor of 42 and 68397?
21
Calculate the highest common factor of 52524 and 19008.
36
What is the highest common divisor of 24585 and 825?
165
What is the greatest common factor of 12744 and 2950?
118
What is the greatest common divisor of 912 and 123633?
57
Calculate the greatest common factor of 51924 and 36.
12
What is the highest common factor of 438342 and 24?
6
Calculate the greatest common divisor of 5521 and 17.
1
What is the highest common factor of 4816 and 1072?
16
Wha